{"id":60,"date":"2016-02-20T13:26:36","date_gmt":"2016-02-20T12:26:36","guid":{"rendered":"http:\/\/www.janvondrak.net\/?page_id=60"},"modified":"2026-02-06T14:09:42","modified_gmt":"2026-02-06T13:09:42","slug":"sluzby","status":"publish","type":"page","link":"https:\/\/www.janvondrak.net\/index.php\/sluzby","title":{"rendered":"Slu\u017eby"},"content":{"rendered":"<p><\/p>\n<h2>IT spr\u00e1va a podpora<\/h2>\n<p>Poskytuji komplexn\u00ed spr\u00e1vu IT pro mal\u00e9 a st\u0159edn\u00ed firmy. M\u00e9 slu\u017eby zahrnuj\u00ed:<\/p>\n<ul>\n<li><strong>Provoz a dohled:<\/strong> proaktivn\u00ed monitoring server\u016f a slu\u017eb, upozorn\u011bn\u00ed a pravideln\u00e9 kontroly.<\/li>\n<li><strong>Z\u00e1lohov\u00e1n\u00ed a obnova:<\/strong> strategie, pl\u00e1novan\u00e9 z\u00e1lohy, testov\u00e1n\u00ed obnovy a verzov\u00e1n\u00ed.<\/li>\n<li><strong>Bezpe\u010dnost a aktualizace:<\/strong> v\u010dasn\u00e9 aktualizace syst\u00e9m\u016f, spr\u00e1va p\u0159\u00edstup\u016f, dvoufaktorov\u00e9 ov\u011b\u0159ov\u00e1n\u00ed a z\u00e1kladn\u00ed hardening.<\/li>\n<li><strong>Spr\u00e1va u\u017eivatel\u016f a za\u0159\u00edzen\u00ed:<\/strong> n\u00e1stup zam\u011bstnanc\u016f, spr\u00e1va pracov\u00edch stanic, notebook\u016f, mobiln\u00edch za\u0159\u00edzen\u00ed a tisk\u00e1ren.<\/li>\n<li><strong>Servery a slu\u017eby:<\/strong> spr\u00e1va on\u2011premise i cloudov\u00fdch server\u016f a slu\u017eb podle va\u0161ich pot\u0159eb.<\/li>\n<li><strong>Konzultace a jednor\u00e1zov\u00e9 z\u00e1sahy:<\/strong> audity, stabilizace, migrace a \u0159e\u0161en\u00ed probl\u00e9m\u016f.<\/li>\n<\/ul>\n<h3>Jak spolupr\u00e1ce prob\u00edh\u00e1<\/h3>\n<ol>\n<li><strong>\u00davodn\u00ed audit \/ p\u0159evzet\u00ed:<\/strong> zhodnot\u00edme aktu\u00e1ln\u00ed stav a napl\u00e1nujeme dal\u0161\u00ed kroky.<\/li>\n<li><strong>Stabilizace:<\/strong> nastav\u00edme z\u00e1lohy, monitoring, bezpe\u010dn\u00e9 p\u0159\u00edstupy a dokumentaci.<\/li>\n<li><strong>Pravideln\u00e1 spr\u00e1va a rozvoj:<\/strong> pr\u016fb\u011b\u017en\u00e1 podpora, aktualizace a zlep\u0161ov\u00e1n\u00ed podle va\u0161ich pot\u0159eb.<\/li>\n<\/ol>\n<p><\/p>","protected":false},"excerpt":{"rendered":"<p>IT spr\u00e1va a podpora Poskytuji komplexn\u00ed spr\u00e1vu IT pro mal\u00e9 a st\u0159edn\u00ed firmy. M\u00e9 slu\u017eby zahrnuj\u00ed: Provoz a dohled: proaktivn\u00ed monitoring server\u016f a slu\u017eb, upozorn\u011bn\u00ed a pravideln\u00e9 kontroly. Z\u00e1lohov\u00e1n\u00ed a obnova: strategie, pl\u00e1novan\u00e9 z\u00e1lohy, testov\u00e1n\u00ed obnovy a verzov\u00e1n\u00ed. Bezpe\u010dnost a aktualizace: v\u010dasn\u00e9 aktualizace syst\u00e9m\u016f, spr\u00e1va p\u0159\u00edstup\u016f, dvoufaktorov\u00e9 ov\u011b\u0159ov\u00e1n\u00ed a z\u00e1kladn\u00ed hardening. Spr\u00e1va u\u017eivatel\u016f a za\u0159\u00edzen\u00ed: [&hellip;]<\/p>\n","protected":false},"author":1,"featured_media":59,"parent":0,"menu_order":0,"comment_status":"closed","ping_status":"closed","template":"page-templates\/full-width.php","meta":{"footnotes":""},"class_list":["post-60","page","type-page","status-publish","has-post-thumbnail","hentry"],"_links":{"self":[{"href":"https:\/\/www.janvondrak.net\/index.php\/wp-json\/wp\/v2\/pages\/60","targetHints":{"allow":["GET"]}}],"collection":[{"href":"https:\/\/www.janvondrak.net\/index.php\/wp-json\/wp\/v2\/pages"}],"about":[{"href":"https:\/\/www.janvondrak.net\/index.php\/wp-json\/wp\/v2\/types\/page"}],"author":[{"embeddable":true,"href":"https:\/\/www.janvondrak.net\/index.php\/wp-json\/wp\/v2\/users\/1"}],"replies":[{"embeddable":true,"href":"https:\/\/www.janvondrak.net\/index.php\/wp-json\/wp\/v2\/comments?post=60"}],"version-history":[{"count":9,"href":"https:\/\/www.janvondrak.net\/index.php\/wp-json\/wp\/v2\/pages\/60\/revisions"}],"predecessor-version":[{"id":172,"href":"https:\/\/www.janvondrak.net\/index.php\/wp-json\/wp\/v2\/pages\/60\/revisions\/172"}],"wp:featuredmedia":[{"embeddable":true,"href":"https:\/\/www.janvondrak.net\/index.php\/wp-json\/wp\/v2\/media\/59"}],"wp:attachment":[{"href":"https:\/\/www.janvondrak.net\/index.php\/wp-json\/wp\/v2\/media?parent=60"}],"curies":[{"name":"wp","href":"https:\/\/api.w.org\/{rel}","templated":true}]}}